{"id":59,"date":"2026-03-01T18:29:30","date_gmt":"2026-03-01T18:29:30","guid":{"rendered":"https:\/\/danielcaballero.fpcei.eu\/?page_id=59"},"modified":"2026-03-01T18:29:30","modified_gmt":"2026-03-01T18:29:30","slug":"patek-philippe-el-pinaculo-de-la-alta-relojeria","status":"publish","type":"page","link":"https:\/\/danielcaballero.fpcei.eu\/?page_id=59","title":{"rendered":"PATEK PHILIPPE: EL PIN\u00c1CULO DE LA ALTA RELOJER\u00cdA"},"content":{"rendered":"\n<figure class=\"wp-block-image size-large\"><img loading=\"lazy\" decoding=\"async\" width=\"1024\" height=\"560\" src=\"https:\/\/danielcaballero.fpcei.eu\/wp-content\/uploads\/2026\/03\/image-1024x560.png\" alt=\"\" class=\"wp-image-60\" srcset=\"https:\/\/danielcaballero.fpcei.eu\/wp-content\/uploads\/2026\/03\/image-1024x560.png 1024w, https:\/\/danielcaballero.fpcei.eu\/wp-content\/uploads\/2026\/03\/image-300x164.png 300w, https:\/\/danielcaballero.fpcei.eu\/wp-content\/uploads\/2026\/03\/image-768x420.png 768w, https:\/\/danielcaballero.fpcei.eu\/wp-content\/uploads\/2026\/03\/image-1536x840.png 1536w, https:\/\/danielcaballero.fpcei.eu\/wp-content\/uploads\/2026\/03\/image-2048x1121.png 2048w\" sizes=\"auto, (max-width: 1024px) 100vw, 1024px\" \/><\/figure>\n\n\n\n<h2 class=\"wp-block-heading\">1. Introducci\u00f3n<\/h2>\n\n\n\n<p>Fundada en <strong>1839<\/strong> por Antoine Norbert de Patek y Adrien Philippe, <strong>Patek Philippe<\/strong> es considerada por coleccionistas y expertos como la marca de relojes m\u00e1s prestigiosa del mundo. Es la \u00faltima manufactura ginebrina independiente de propiedad familiar (en manos de la familia Stern desde 1932), lo que le permite mantener una visi\u00f3n creativa y t\u00e9cnica a largo plazo sin presiones externas.<\/p>\n\n\n\n<hr class=\"wp-block-separator has-alpha-channel-opacity\"\/>\n\n\n\n<h2 class=\"wp-block-heading\">2. La Filosof\u00eda de las Complicaciones<\/h2>\n\n\n\n<p>A diferencia de otras marcas que se enfocan en la robustez deportiva, Patek Philippe es el maestro de las <strong>\u00abGrandes Complicaciones\u00bb<\/strong>. Una complicaci\u00f3n es cualquier funci\u00f3n del reloj que vaya m\u00e1s all\u00e1 de dar la hora y los minutos:<\/p>\n\n\n\n<ul class=\"wp-block-list\">\n<li><strong>Calendario Perpetuo:<\/strong> Mecanismos que saben cu\u00e1ntos d\u00edas tiene cada mes y cu\u00e1ndo es a\u00f1o bisiesto, sin necesidad de ajuste manual hasta el a\u00f1o 2100.<\/li>\n\n\n\n<li><strong>Repetici\u00f3n de Minutos:<\/strong> Una de las funciones m\u00e1s raras; el reloj \u00abtoca\u00bb la hora mediante peque\u00f1os martillos y timbres internos con solo accionar una palanca.<\/li>\n\n\n\n<li><strong>Cron\u00f3grafos de Ratrapante:<\/strong> Permiten medir dos eventos simult\u00e1neos que empiezan al mismo tiempo pero terminan en momentos distintos.<\/li>\n\n\n\n<li><strong>Sello Patek Philippe:<\/strong> La marca abandon\u00f3 el \u00abSello de Ginebra\u00bb tradicional para crear su propio est\u00e1ndar de calidad, el m\u00e1s exigente de la industria, que garantiza la perfecci\u00f3n tanto est\u00e9tica como mec\u00e1nica de cada pieza.<\/li>\n<\/ul>\n\n\n\n<hr class=\"wp-block-separator has-alpha-channel-opacity\"\/>\n\n\n\n<h2 class=\"wp-block-heading\">3. Colecciones Emblem\u00e1ticas<\/h2>\n\n\n\n<p>Patek Philippe equilibra la elegancia cl\u00e1sica con dise\u00f1os que han definido \u00e9pocas:<\/p>\n\n\n\n<ol start=\"1\" class=\"wp-block-list\">\n<li><strong>Nautilus (1976):<\/strong> Dise\u00f1ado por G\u00e9rald Genta, es el reloj deportivo de lujo por excelencia. Su forma inspirada en la escotilla de un barco es hoy un icono cultural y uno de los relojes m\u00e1s deseados del planeta.<\/li>\n\n\n\n<li><strong>Calatrava:<\/strong> El s\u00edmbolo del reloj de vestir. Introducido en 1932, su dise\u00f1o minimalista y elegante sigue las reglas de la escuela Bauhaus: \u00abla forma sigue a la funci\u00f3n\u00bb.<\/li>\n\n\n\n<li><strong>Aquanaut:<\/strong> Una versi\u00f3n m\u00e1s moderna y casual del Nautilus, reconocida por su correa de material compuesto resistente al agua y a los rayos UV.<\/li>\n\n\n\n<li><strong>Grandes Complicaciones:<\/strong> Relojes que combinan tourbillons, fases lunares y mapas celestiales, representando la cumbre de la ingenier\u00eda humana.<\/li>\n<\/ol>\n\n\n\n<hr class=\"wp-block-separator has-alpha-channel-opacity\"\/>\n\n\n\n<h2 class=\"wp-block-heading\">4. El Valor de la Herencia y la Inversi\u00f3n<\/h2>\n\n\n\n<p>Patek Philippe es famoso por su lema publicitario: <em>\u00abNunca un Patek Philippe es del todo suyo. Suyo es el placer de custodiarlo hasta la siguiente generaci\u00f3n\u00bb<\/em>.<\/p>\n\n\n\n<ul class=\"wp-block-list\">\n<li><strong>R\u00e9cords en Subastas:<\/strong> La marca ostenta habitualmente los precios m\u00e1s altos pagados por relojes en subastas (como el <em>Grandmaster Chime<\/em>, vendido por m\u00e1s de 31 millones de d\u00f3lares).<\/li>\n\n\n\n<li><strong>Producci\u00f3n Limitada:<\/strong> Se estima que Patek fabrica menos de 70,000 relojes al a\u00f1o, lo que genera una exclusividad extrema.<\/li>\n\n\n\n<li><strong>Archivos Hist\u00f3ricos:<\/strong> La marca mantiene un registro de cada reloj fabricado desde 1839, permitiendo a los due\u00f1os obtener extractos de archivo que certifican la autenticidad de sus piezas vintage.<\/li>\n<\/ul>\n","protected":false},"excerpt":{"rendered":"<p>1. Introducci\u00f3n Fundada en 1839 por Antoine Norbert de Patek y Adrien Philippe, Patek Philippe es considerada por coleccionistas y expertos como la marca de relojes m\u00e1s prestigiosa del mundo. Es la \u00faltima manufactura ginebrina independiente de propiedad familiar (en manos de la familia Stern desde 1932), lo que le permite mantener una visi\u00f3n creativa [&hellip;]<\/p>\n","protected":false},"author":2,"featured_media":0,"parent":0,"menu_order":0,"comment_status":"closed","ping_status":"closed","template":"","meta":{"footnotes":""},"class_list":["post-59","page","type-page","status-publish","hentry"],"_links":{"self":[{"href":"https:\/\/danielcaballero.fpcei.eu\/index.php?rest_route=\/wp\/v2\/pages\/59","targetHints":{"allow":["GET"]}}],"collection":[{"href":"https:\/\/danielcaballero.fpcei.eu\/index.php?rest_route=\/wp\/v2\/pages"}],"about":[{"href":"https:\/\/danielcaballero.fpcei.eu\/index.php?rest_route=\/wp\/v2\/types\/page"}],"author":[{"embeddable":true,"href":"https:\/\/danielcaballero.fpcei.eu\/index.php?rest_route=\/wp\/v2\/users\/2"}],"replies":[{"embeddable":true,"href":"https:\/\/danielcaballero.fpcei.eu\/index.php?rest_route=%2Fwp%2Fv2%2Fcomments&post=59"}],"version-history":[{"count":1,"href":"https:\/\/danielcaballero.fpcei.eu\/index.php?rest_route=\/wp\/v2\/pages\/59\/revisions"}],"predecessor-version":[{"id":61,"href":"https:\/\/danielcaballero.fpcei.eu\/index.php?rest_route=\/wp\/v2\/pages\/59\/revisions\/61"}],"wp:attachment":[{"href":"https:\/\/danielcaballero.fpcei.eu\/index.php?rest_route=%2Fwp%2Fv2%2Fmedia&parent=59"}],"curies":[{"name":"wp","href":"https:\/\/api.w.org\/{rel}","templated":true}]}}